[INFO] cloning repository https://github.com/etra0/yakuza-freecam
[INFO] running `Command { std: "git" "-c" "credential.helper=" "-c" "credential.helper=/workspace/cargo-home/bin/git-credential-null" "clone" "--bare" "https://github.com/etra0/yakuza-freecam" "/workspace/cache/git-repos/https%3A%2F%2Fgithub.com%2Fetra0%2Fyakuza-freecam", kill_on_drop: false }`
[INFO] [stderr] Cloning into bare repository '/workspace/cache/git-repos/https%3A%2F%2Fgithub.com%2Fetra0%2Fyakuza-freecam'...
[INFO] running `Command { std: "git" "rev-parse" "HEAD", kill_on_drop: false }`
[INFO] [stdout] 5710c5c004aa769f4b8506eb0c2270595494dcac
[INFO] building etra0/yakuza-freecam against master#ff34b919075f35a1787659e9c448a34b06bab8de for issue-85264
[INFO] running `Command { std: "git" "clone" "/workspace/cache/git-repos/https%3A%2F%2Fgithub.com%2Fetra0%2Fyakuza-freecam" "/workspace/builds/worker-13/source", kill_on_drop: false }`
[INFO] [stderr] Cloning into '/workspace/builds/worker-13/source'...
[INFO] [stderr] done.
[INFO] validating manifest of git repo https://github.com/etra0/yakuza-freecam on toolchain ff34b919075f35a1787659e9c448a34b06bab8de
[INFO] running `Command { std: "/workspace/cargo-home/bin/cargo" "+ff34b919075f35a1787659e9c448a34b06bab8de" "metadata" "--manifest-path" "Cargo.toml" "--no-deps", kill_on_drop: false }`
[INFO] started tweaking git repo https://github.com/etra0/yakuza-freecam
[INFO] finished tweaking git repo https://github.com/etra0/yakuza-freecam
[INFO] tweaked toml for git repo https://github.com/etra0/yakuza-freecam written to /workspace/builds/worker-13/source/Cargo.toml
[INFO] crate git repo https://github.com/etra0/yakuza-freecam already has a lockfile, it will not be regenerated
[INFO] running `Command { std: "/workspace/cargo-home/bin/cargo" "+ff34b919075f35a1787659e9c448a34b06bab8de" "fetch" "--manifest-path" "Cargo.toml", kill_on_drop: false }`
[INFO] running `Command { std: "docker" "create" "-v" "/var/lib/crater-agent-workspace/builds/worker-13/target:/opt/rustwide/target:rw,Z" "-v" "/var/lib/crater-agent-workspace/builds/worker-13/source:/opt/rustwide/workdir:ro,Z" "-v" "/var/lib/crater-agent-workspace/cargo-home:/opt/rustwide/cargo-home:ro,Z" "-v" "/var/lib/crater-agent-workspace/rustup-home:/opt/rustwide/rustup-home:ro,Z" "-e" "SOURCE_DIR=/opt/rustwide/workdir" "-e" "CARGO_TARGET_DIR=/opt/rustwide/target" "-e" "CARGO_HOME=/opt/rustwide/cargo-home" "-e" "RUSTUP_HOME=/opt/rustwide/rustup-home" "-w" "/opt/rustwide/workdir" "-m" "1610612736" "--user" "0:0" "--network" "none" "ghcr.io/rust-lang/crates-build-env/linux@sha256:20528e8c29e4536546f0102ce88568b16ea7538393a33fcca951030f7af10457" "/opt/rustwide/cargo-home/bin/cargo" "+ff34b919075f35a1787659e9c448a34b06bab8de" "metadata" "--no-deps" "--format-version=1", kill_on_drop: false }`
[INFO] [stderr] WARNING: Your kernel does not support swap limit capabilities or the cgroup is not mounted. Memory limited without swap.
[INFO] [stdout] f4ae5dbcbbff27b142ddb0803bd27686a0a69b70d98d65b25f49c43ab05b1070
[INFO] running `Command { std: "docker" "start" "-a" "f4ae5dbcbbff27b142ddb0803bd27686a0a69b70d98d65b25f49c43ab05b1070", kill_on_drop: false }`
[INFO] running `Command { std: "docker" "inspect" "f4ae5dbcbbff27b142ddb0803bd27686a0a69b70d98d65b25f49c43ab05b1070", kill_on_drop: false }`
[INFO] running `Command { std: "docker" "rm" "-f" "f4ae5dbcbbff27b142ddb0803bd27686a0a69b70d98d65b25f49c43ab05b1070", kill_on_drop: false }`
[INFO] [stdout] f4ae5dbcbbff27b142ddb0803bd27686a0a69b70d98d65b25f49c43ab05b1070
[INFO] running `Command { std: "docker" "create" "-v" "/var/lib/crater-agent-workspace/builds/worker-13/target:/opt/rustwide/target:rw,Z" "-v" "/var/lib/crater-agent-workspace/builds/worker-13/source:/opt/rustwide/workdir:ro,Z" "-v" "/var/lib/crater-agent-workspace/cargo-home:/opt/rustwide/cargo-home:ro,Z" "-v" "/var/lib/crater-agent-workspace/rustup-home:/opt/rustwide/rustup-home:ro,Z" "-e" "SOURCE_DIR=/opt/rustwide/workdir" "-e" "CARGO_TARGET_DIR=/opt/rustwide/target" "-e" "CARGO_INCREMENTAL=0" "-e" "RUST_BACKTRACE=full" "-e" "RUSTFLAGS=--cap-lints=forbid" "-e" "CARGO_HOME=/opt/rustwide/cargo-home" "-e" "RUSTUP_HOME=/opt/rustwide/rustup-home" "-w" "/opt/rustwide/workdir" "-m" "1610612736" "--user" "0:0" "--network" "none" "ghcr.io/rust-lang/crates-build-env/linux@sha256:20528e8c29e4536546f0102ce88568b16ea7538393a33fcca951030f7af10457" "/opt/rustwide/cargo-home/bin/cargo" "+ff34b919075f35a1787659e9c448a34b06bab8de" "build" "--frozen" "--message-format=json", kill_on_drop: false }`
[INFO] [stdout] 1e6a9febd29b483e67c3997ec5043aedf88109553b1db86a4dbae7df9ee13359
[INFO] [stderr] WARNING: Your kernel does not support swap limit capabilities or the cgroup is not mounted. Memory limited without swap.
[INFO] running `Command { std: "docker" "start" "-a" "1e6a9febd29b483e67c3997ec5043aedf88109553b1db86a4dbae7df9ee13359", kill_on_drop: false }`
[INFO] [stderr]     Blocking waiting for file lock on package cache
[INFO] [stderr]    Compiling autocfg v1.0.1
[INFO] [stderr]    Compiling serde v1.0.117
[INFO] [stderr]    Compiling autocfg v0.1.7
[INFO] [stderr]    Compiling rand_core v0.4.2
[INFO] [stderr]    Compiling libc v0.2.80
[INFO] [stderr]    Compiling typenum v1.12.0
[INFO] [stderr]    Compiling winapi v0.3.9
[INFO] [stderr]    Compiling cfg-if v0.1.10
[INFO] [stderr]    Compiling memory-rs v0.2.0 (https://github.com/etra0/memory-rs#98022247)
[INFO] [stderr]    Compiling termcolor v1.1.2
[INFO] [stderr]    Compiling libm v0.1.4
[INFO] [stderr]    Compiling matrixmultiply v0.2.3
[INFO] [stderr]    Compiling log v0.4.11
[INFO] [stdout] error[E0432]: unresolved import `anyhow`
[INFO] [stdout]  --> /opt/rustwide/cargo-home/git/checkouts/memory-rs-b7d7c173f9898159/9802224/src/internal/injections.rs:3:5
[INFO] [stdout]   |
[INFO] [stdout] 3 | use anyhow::{Context, Result};
[INFO] [stdout]   |     ^^^^^^ use of undeclared crate or module `anyhow`
[INFO] [stdout] 
[INFO] [stdout] 
[INFO] [stdout] error[E0433]: failed to resolve: use of undeclared crate or module `winapi`
[INFO] [stdout]  --> /opt/rustwide/cargo-home/git/checkouts/memory-rs-b7d7c173f9898159/9802224/src/internal/memory.rs:5:5
[INFO] [stdout]   |
[INFO] [stdout] 5 | use winapi::shared::minwindef::LPVOID;
[INFO] [stdout]   |     ^^^^^^ use of undeclared crate or module `winapi`
[INFO] [stdout] 
[INFO] [stdout] 
[INFO] [stdout] error[E0433]: failed to resolve: use of undeclared crate or module `winapi`
[INFO] [stdout]  --> /opt/rustwide/cargo-home/git/checkouts/memory-rs-b7d7c173f9898159/9802224/src/internal/memory.rs:6:5
[INFO] [stdout]   |
[INFO] [stdout] 6 | use winapi::um::memoryapi::{VirtualProtect, VirtualQuery};
[INFO] [stdout]   |     ^^^^^^ use of undeclared crate or module `winapi`
[INFO] [stdout] 
[INFO] [stdout] 
[INFO] [stdout] error[E0433]: failed to resolve: use of undeclared crate or module `winapi`
[INFO] [stdout]  --> /opt/rustwide/cargo-home/git/checkouts/memory-rs-b7d7c173f9898159/9802224/src/internal/memory.rs:7:5
[INFO] [stdout]   |
[INFO] [stdout] 7 | use winapi::um::processthreadsapi::{FlushInstructionCache, GetCurrentProcess};
[INFO] [stdout]   |     ^^^^^^ use of undeclared crate or module `winapi`
[INFO] [stdout] 
[INFO] [stdout] 
[INFO] [stdout] error[E0433]: failed to resolve: use of undeclared crate or module `winapi`
[INFO] [stdout]  --> /opt/rustwide/cargo-home/git/checkouts/memory-rs-b7d7c173f9898159/9802224/src/internal/memory.rs:8:5
[INFO] [stdout]   |
[INFO] [stdout] 8 | use winapi::um::winnt::{MEM_FREE, PAGE_EXECUTE_READWRITE};
[INFO] [stdout]   |     ^^^^^^ use of undeclared crate or module `winapi`
[INFO] [stdout] 
[INFO] [stdout] 
[INFO] [stdout] error[E0433]: failed to resolve: use of undeclared crate or module `winapi`
[INFO] [stdout]  --> /opt/rustwide/cargo-home/git/checkouts/memory-rs-b7d7c173f9898159/9802224/src/internal/memory.rs:9:5
[INFO] [stdout]   |
[INFO] [stdout] 9 | use winapi::um::libloaderapi;
[INFO] [stdout]   |     ^^^^^^ use of undeclared crate or module `winapi`
[INFO] [stdout] 
[INFO] [stdout] 
[INFO] [stdout] error[E0433]: failed to resolve: use of undeclared crate or module `winapi`
[INFO] [stdout]    --> /opt/rustwide/cargo-home/git/checkouts/memory-rs-b7d7c173f9898159/9802224/src/internal/memory.rs:115:9
[INFO] [stdout]     |
[INFO] [stdout] 115 |     use winapi::um::winnt::MEMORY_BASIC_INFORMATION;
[INFO] [stdout]     |         ^^^^^^ use of undeclared crate or module `winapi`
[INFO] [stdout] 
[INFO] [stdout] 
[INFO] [stdout] error[E0433]: failed to resolve: use of undeclared crate or module `winapi`
[INFO] [stdout]  --> /opt/rustwide/cargo-home/git/checkouts/memory-rs-b7d7c173f9898159/9802224/src/external/memory.rs:2:5
[INFO] [stdout]   |
[INFO] [stdout] 2 | use winapi::shared::basetsd::DWORD_PTR;
[INFO] [stdout]   |     ^^^^^^ use of undeclared crate or module `winapi`
[INFO] [stdout] 
[INFO] [stdout] 
[INFO] [stdout] error[E0433]: failed to resolve: use of undeclared crate or module `winapi`
[INFO] [stdout]  --> /opt/rustwide/cargo-home/git/checkouts/memory-rs-b7d7c173f9898159/9802224/src/external/memory.rs:3:5
[INFO] [stdout]   |
[INFO] [stdout] 3 | use winapi::shared::minwindef::{DWORD, LPCVOID, LPVOID, PDWORD};
[INFO] [stdout]   |     ^^^^^^ use of undeclared crate or module `winapi`
[INFO] [stdout] 
[INFO] [stdout] 
[INFO] [stdout] error[E0433]: failed to resolve: use of undeclared crate or module `winapi`
[INFO] [stdout]  --> /opt/rustwide/cargo-home/git/checkouts/memory-rs-b7d7c173f9898159/9802224/src/external/memory.rs:4:5
[INFO] [stdout]   |
[INFO] [stdout] 4 | use winapi::um::memoryapi::{
[INFO] [stdout]   |     ^^^^^^ use of undeclared crate or module `winapi`
[INFO] [stdout] 
[INFO] [stdout] 
[INFO] [stdout] error[E0433]: failed to resolve: use of undeclared crate or module `winapi`
[INFO] [stdout]  --> /opt/rustwide/cargo-home/git/checkouts/memory-rs-b7d7c173f9898159/9802224/src/external/memory.rs:7:5
[INFO] [stdout]   |
[INFO] [stdout] 7 | use winapi::um::winnt::{HANDLE, MEM_COMMIT, MEM_RESERVE, PAGE_EXECUTE_READWRITE};
[INFO] [stdout]   |     ^^^^^^ use of undeclared crate or module `winapi`
[INFO] [stdout] 
[INFO] [stdout] 
[INFO] [stdout] error[E0433]: failed to resolve: use of undeclared crate or module `winapi`
[INFO] [stdout]  --> /opt/rustwide/cargo-home/git/checkouts/memory-rs-b7d7c173f9898159/9802224/src/external/process.rs:4:5
[INFO] [stdout]   |
[INFO] [stdout] 4 | use winapi::shared::basetsd::DWORD_PTR;
[INFO] [stdout]   |     ^^^^^^ use of undeclared crate or module `winapi`
[INFO] [stdout] 
[INFO] [stdout] 
[INFO] [stdout] error[E0433]: failed to resolve: use of undeclared crate or module `winapi`
[INFO] [stdout]  --> /opt/rustwide/cargo-home/git/checkouts/memory-rs-b7d7c173f9898159/9802224/src/external/process.rs:5:5
[INFO] [stdout]   |
[INFO] [stdout] 5 | use winapi::shared::minwindef::DWORD;
[INFO] [stdout]   |     ^^^^^^ use of undeclared crate or module `winapi`
[INFO] [stdout] 
[INFO] [stdout] 
[INFO] [stdout] error[E0433]: failed to resolve: use of undeclared crate or module `winapi`
[INFO] [stdout]  --> /opt/rustwide/cargo-home/git/checkouts/memory-rs-b7d7c173f9898159/9802224/src/external/process.rs:6:5
[INFO] [stdout]   |
[INFO] [stdout] 6 | use winapi::shared::minwindef::{LPCVOID, LPVOID};
[INFO] [stdout]   |     ^^^^^^ use of undeclared crate or module `winapi`
[INFO] [stdout] 
[INFO] [stdout] 
[INFO] [stdout] error[E0433]: failed to resolve: use of undeclared crate or module `winapi`
[INFO] [stdout]  --> /opt/rustwide/cargo-home/git/checkouts/memory-rs-b7d7c173f9898159/9802224/src/external/process.rs:7:5
[INFO] [stdout]   |
[INFO] [stdout] 7 | use winapi::um::handleapi;
[INFO] [stdout]   |     ^^^^^^ use of undeclared crate or module `winapi`
[INFO] [stdout] 
[INFO] [stdout] 
[INFO] [stdout] error[E0433]: failed to resolve: use of undeclared crate or module `winapi`
[INFO] [stdout]  --> /opt/rustwide/cargo-home/git/checkouts/memory-rs-b7d7c173f9898159/9802224/src/external/process.rs:8:5
[INFO] [stdout]   |
[INFO] [stdout] 8 | use winapi::um::memoryapi::{ReadProcessMemory, WriteProcessMemory};
[INFO] [stdout]   |     ^^^^^^ use of undeclared crate or module `winapi`
[INFO] [stdout] 
[INFO] [stdout] 
[INFO] [stdout] error[E0433]: failed to resolve: use of undeclared crate or module `winapi`
[INFO] [stdout]  --> /opt/rustwide/cargo-home/git/checkouts/memory-rs-b7d7c173f9898159/9802224/src/external/process.rs:9:5
[INFO] [stdout]   |
[INFO] [stdout] 9 | use winapi::um::processthreadsapi::OpenProcess;
[INFO] [stdout]   |     ^^^^^^ use of undeclared crate or module `winapi`
[INFO] [stdout] 
[INFO] [stdout] 
[INFO] [stdout] error[E0433]: failed to resolve: use of undeclared crate or module `winapi`
[INFO] [stdout]   --> /opt/rustwide/cargo-home/git/checkouts/memory-rs-b7d7c173f9898159/9802224/src/external/process.rs:10:5
[INFO] [stdout]    |
[INFO] [stdout] 10 | use winapi::um::tlhelp32;
[INFO] [stdout]    |     ^^^^^^ use of undeclared crate or module `winapi`
[INFO] [stdout] 
[INFO] [stdout] 
[INFO] [stdout] error[E0433]: failed to resolve: use of undeclared crate or module `winapi`
[INFO] [stdout]   --> /opt/rustwide/cargo-home/git/checkouts/memory-rs-b7d7c173f9898159/9802224/src/external/process.rs:11:5
[INFO] [stdout]    |
[INFO] [stdout] 11 | use winapi::um::winnt::HANDLE;
[INFO] [stdout]    |     ^^^^^^ use of undeclared crate or module `winapi`
[INFO] [stdout] 
[INFO] [stdout] 
[INFO] [stdout] error[E0432]: unresolved import `anyhow`
[INFO] [stdout]  --> /opt/rustwide/cargo-home/git/checkouts/memory-rs-b7d7c173f9898159/9802224/src/internal/memory.rs:3:5
[INFO] [stdout]   |
[INFO] [stdout] 3 | use anyhow::{Context, Result};
[INFO] [stdout]   |     ^^^^^^ use of undeclared crate or module `anyhow`
[INFO] [stdout] 
[INFO] [stdout] 
[INFO] [stdout] error[E0433]: failed to resolve: use of undeclared crate or module `winapi`
[INFO] [stdout]  --> /opt/rustwide/cargo-home/git/checkouts/memory-rs-b7d7c173f9898159/9802224/src/internal/process_info.rs:4:5
[INFO] [stdout]   |
[INFO] [stdout] 4 | use winapi::shared::minwindef::HMODULE;
[INFO] [stdout]   |     ^^^^^^ use of undeclared crate or module `winapi`
[INFO] [stdout] 
[INFO] [stdout] 
[INFO] [stdout] error[E0432]: unresolved import `anyhow`
[INFO] [stdout]  --> /opt/rustwide/cargo-home/git/checkouts/memory-rs-b7d7c173f9898159/9802224/src/internal/process_info.rs:2:5
[INFO] [stdout]   |
[INFO] [stdout] 2 | use anyhow::Result;
[INFO] [stdout]   |     ^^^^^^ use of undeclared crate or module `anyhow`
[INFO] [stdout] 
[INFO] [stdout] 
[INFO] [stdout] error[E0433]: failed to resolve: use of undeclared type `MEMORY_BASIC_INFORMATION`
[INFO] [stdout]    --> /opt/rustwide/cargo-home/git/checkouts/memory-rs-b7d7c173f9898159/9802224/src/internal/memory.rs:120:31
[INFO] [stdout]     |
[INFO] [stdout] 120 |         let mut information = MEMORY_BASIC_INFORMATION::default();
[INFO] [stdout]     |                               ^^^^^^^^^^^^^^^^^^^^^^^^ use of undeclared type `MEMORY_BASIC_INFORMATION`
[INFO] [stdout] 
[INFO] [stdout] 
[INFO] [stdout] error[E0433]: failed to resolve: use of undeclared crate or module `libloaderapi`
[INFO] [stdout]    --> /opt/rustwide/cargo-home/git/checkouts/memory-rs-b7d7c173f9898159/9802224/src/internal/memory.rs:246:17
[INFO] [stdout]     |
[INFO] [stdout] 246 |     try_winapi!(libloaderapi::GetModuleFileNameA(
[INFO] [stdout]     |                 ^^^^^^^^^^^^ use of undeclared crate or module `libloaderapi`
[INFO] [stdout] 
[INFO] [stdout] 
[INFO] [stdout] error[E0433]: failed to resolve: use of undeclared crate or module `winapi`
[INFO] [stdout]   --> /opt/rustwide/cargo-home/git/checkouts/memory-rs-b7d7c173f9898159/9802224/src/internal/process_info.rs:21:26
[INFO] [stdout]    |
[INFO] [stdout] 21 |                 unsafe { winapi::um::libloaderapi::GetModuleHandleA(name_.as_ptr()) }
[INFO] [stdout]    |                          ^^^^^^ use of undeclared crate or module `winapi`
[INFO] [stdout] 
[INFO] [stdout] 
[INFO] [stdout] error[E0433]: failed to resolve: use of undeclared crate or module `winapi`
[INFO] [stdout]   --> /opt/rustwide/cargo-home/git/checkouts/memory-rs-b7d7c173f9898159/9802224/src/internal/process_info.rs:23:30
[INFO] [stdout]    |
[INFO] [stdout] 23 |             None => unsafe { winapi::um::libloaderapi::GetModuleHandleA(std::ptr::null()) }
[INFO] [stdout]    |                              ^^^^^^ use of undeclared crate or module `winapi`
[INFO] [stdout] 
[INFO] [stdout] 
[INFO] [stdout] error[E0433]: failed to resolve: use of undeclared crate or module `winapi`
[INFO] [stdout]   --> /opt/rustwide/cargo-home/git/checkouts/memory-rs-b7d7c173f9898159/9802224/src/internal/process_info.rs:30:27
[INFO] [stdout]    |
[INFO] [stdout] 30 |             let process = winapi::um::processthreadsapi::GetCurrentProcess();
[INFO] [stdout]    |                           ^^^^^^ use of undeclared crate or module `winapi`
[INFO] [stdout] 
[INFO] [stdout] 
[INFO] [stdout] error[E0433]: failed to resolve: use of undeclared crate or module `winapi`
[INFO] [stdout]   --> /opt/rustwide/cargo-home/git/checkouts/memory-rs-b7d7c173f9898159/9802224/src/internal/process_info.rs:31:35
[INFO] [stdout]    |
[INFO] [stdout] 31 |             let mut module_info = winapi::um::psapi::MODULEINFO::default();
[INFO] [stdout]    |                                   ^^^^^^ use of undeclared crate or module `winapi`
[INFO] [stdout] 
[INFO] [stdout] 
[INFO] [stdout] error[E0433]: failed to resolve: use of undeclared crate or module `winapi`
[INFO] [stdout]   --> /opt/rustwide/cargo-home/git/checkouts/memory-rs-b7d7c173f9898159/9802224/src/internal/process_info.rs:32:25
[INFO] [stdout]    |
[INFO] [stdout] 32 |             try_winapi!(winapi::um::psapi::GetModuleInformation(
[INFO] [stdout]    |                         ^^^^^^ use of undeclared crate or module `winapi`
[INFO] [stdout] 
[INFO] [stdout] 
[INFO] [stdout] error[E0433]: failed to resolve: use of undeclared crate or module `winapi`
[INFO] [stdout]   --> /opt/rustwide/cargo-home/git/checkouts/memory-rs-b7d7c173f9898159/9802224/src/internal/process_info.rs:36:37
[INFO] [stdout]    |
[INFO] [stdout] 36 |                 std::mem::size_of::<winapi::um::psapi::MODULEINFO>() as u32,
[INFO] [stdout]    |                                     ^^^^^^ use of undeclared crate or module `winapi`
[INFO] [stdout] 
[INFO] [stdout] 
[INFO] [stderr]    Compiling rand_core v0.3.1
[INFO] [stderr]    Compiling rand_jitter v0.1.4
[INFO] [stdout] error[E0433]: failed to resolve: use of undeclared crate or module `winapi`
[INFO] [stdout]   --> /opt/rustwide/cargo-home/git/checkouts/memory-rs-b7d7c173f9898159/9802224/src/external/process.rs:25:17
[INFO] [stdout]    |
[INFO] [stdout] 25 |                 winapi::um::winnt::PROCESS_ALL_ACCESS,
[INFO] [stdout]    |                 ^^^^^^ use of undeclared crate or module `winapi`
[INFO] [stdout] 
[INFO] [stdout] 
[INFO] [stdout] error[E0433]: failed to resolve: use of undeclared crate or module `tlhelp32`
[INFO] [stdout]    --> /opt/rustwide/cargo-home/git/checkouts/memory-rs-b7d7c173f9898159/9802224/src/external/process.rs:191:27
[INFO] [stdout]     |
[INFO] [stdout] 191 |     let h_snap = unsafe { tlhelp32::CreateToolhelp32Snapshot(tlhelp32::TH32CS_SNAPPROCESS, 0) };
[INFO] [stdout]     |                           ^^^^^^^^ use of undeclared crate or module `tlhelp32`
[INFO] [stdout] 
[INFO] [stdout] 
[INFO] [stdout] error[E0433]: failed to resolve: use of undeclared crate or module `tlhelp32`
[INFO] [stdout]    --> /opt/rustwide/cargo-home/git/checkouts/memory-rs-b7d7c173f9898159/9802224/src/external/process.rs:191:62
[INFO] [stdout]     |
[INFO] [stdout] 191 |     let h_snap = unsafe { tlhelp32::CreateToolhelp32Snapshot(tlhelp32::TH32CS_SNAPPROCESS, 0) };
[INFO] [stdout]     |                                                              ^^^^^^^^ use of undeclared crate or module `tlhelp32`
[INFO] [stdout] 
[INFO] [stdout] 
[INFO] [stdout] error[E0433]: failed to resolve: use of undeclared crate or module `handleapi`
[INFO] [stdout]    --> /opt/rustwide/cargo-home/git/checkouts/memory-rs-b7d7c173f9898159/9802224/src/external/process.rs:193:18
[INFO] [stdout]     |
[INFO] [stdout] 193 |     if h_snap == handleapi::INVALID_HANDLE_VALUE {
[INFO] [stdout]     |                  ^^^^^^^^^ use of undeclared crate or module `handleapi`
[INFO] [stdout] 
[INFO] [stdout] 
[INFO] [stdout] error[E0433]: failed to resolve: use of undeclared crate or module `tlhelp32`
[INFO] [stdout]    --> /opt/rustwide/cargo-home/git/checkouts/memory-rs-b7d7c173f9898159/9802224/src/external/process.rs:197:29
[INFO] [stdout]     |
[INFO] [stdout] 197 |     let mut process_entry = tlhelp32::PROCESSENTRY32::default();
[INFO] [stdout]     |                             ^^^^^^^^ use of undeclared crate or module `tlhelp32`
[INFO] [stdout] 
[INFO] [stdout] 
[INFO] [stdout] error[E0433]: failed to resolve: use of undeclared crate or module `tlhelp32`
[INFO] [stdout]    --> /opt/rustwide/cargo-home/git/checkouts/memory-rs-b7d7c173f9898159/9802224/src/external/process.rs:198:43
[INFO] [stdout]     |
[INFO] [stdout] 198 |     process_entry.dwSize = mem::size_of::<tlhelp32::PROCESSENTRY32>() as u32;
[INFO] [stdout]     |                                           ^^^^^^^^ use of undeclared crate or module `tlhelp32`
[INFO] [stdout] 
[INFO] [stdout] 
[INFO] [stdout] error[E0433]: failed to resolve: use of undeclared crate or module `tlhelp32`
[INFO] [stdout]    --> /opt/rustwide/cargo-home/git/checkouts/memory-rs-b7d7c173f9898159/9802224/src/external/process.rs:201:12
[INFO] [stdout]     |
[INFO] [stdout] 201 |         if tlhelp32::Process32First(h_snap, &mut process_entry) == 1 {
[INFO] [stdout]     |            ^^^^^^^^ use of undeclared crate or module `tlhelp32`
[INFO] [stdout] 
[INFO] [stdout] 
[INFO] [stdout] error[E0433]: failed to resolve: use of undeclared crate or module `tlhelp32`
[INFO] [stdout]    --> /opt/rustwide/cargo-home/git/checkouts/memory-rs-b7d7c173f9898159/9802224/src/external/process.rs:211:20
[INFO] [stdout]     |
[INFO] [stdout] 211 |                 if tlhelp32::Process32Next(h_snap, &mut process_entry) == 0 {
[INFO] [stdout]     |                    ^^^^^^^^ use of undeclared crate or module `tlhelp32`
[INFO] [stdout] 
[INFO] [stdout] 
[INFO] [stdout] error[E0433]: failed to resolve: use of undeclared crate or module `handleapi`
[INFO] [stdout]    --> /opt/rustwide/cargo-home/git/checkouts/memory-rs-b7d7c173f9898159/9802224/src/external/process.rs:217:9
[INFO] [stdout]     |
[INFO] [stdout] 217 |         handleapi::CloseHandle(h_snap);
[INFO] [stdout]     |         ^^^^^^^^^ use of undeclared crate or module `handleapi`
[INFO] [stdout] 
[INFO] [stdout] 
[INFO] [stdout] error[E0433]: failed to resolve: use of undeclared crate or module `tlhelp32`
[INFO] [stdout]    --> /opt/rustwide/cargo-home/git/checkouts/memory-rs-b7d7c173f9898159/9802224/src/external/process.rs:230:9
[INFO] [stdout]     |
[INFO] [stdout] 230 |         tlhelp32::CreateToolhelp32Snapshot(
[INFO] [stdout]     |         ^^^^^^^^ use of undeclared crate or module `tlhelp32`
[INFO] [stdout] 
[INFO] [stdout] 
[INFO] [stdout] error[E0433]: failed to resolve: use of undeclared crate or module `tlhelp32`
[INFO] [stdout]    --> /opt/rustwide/cargo-home/git/checkouts/memory-rs-b7d7c173f9898159/9802224/src/external/process.rs:231:13
[INFO] [stdout]     |
[INFO] [stdout] 231 |             tlhelp32::TH32CS_SNAPMODULE | tlhelp32::TH32CS_SNAPMODULE32,
[INFO] [stdout]     |             ^^^^^^^^ use of undeclared crate or module `tlhelp32`
[INFO] [stdout] 
[INFO] [stdout] 
[INFO] [stdout] error[E0433]: failed to resolve: use of undeclared crate or module `tlhelp32`
[INFO] [stdout]    --> /opt/rustwide/cargo-home/git/checkouts/memory-rs-b7d7c173f9898159/9802224/src/external/process.rs:231:43
[INFO] [stdout]     |
[INFO] [stdout] 231 |             tlhelp32::TH32CS_SNAPMODULE | tlhelp32::TH32CS_SNAPMODULE32,
[INFO] [stdout]     |                                           ^^^^^^^^ use of undeclared crate or module `tlhelp32`
[INFO] [stdout] 
[INFO] [stdout] 
[INFO] [stdout] error[E0433]: failed to resolve: use of undeclared crate or module `handleapi`
[INFO] [stdout]    --> /opt/rustwide/cargo-home/git/checkouts/memory-rs-b7d7c173f9898159/9802224/src/external/process.rs:236:18
[INFO] [stdout]     |
[INFO] [stdout] 236 |     if h_snap == handleapi::INVALID_HANDLE_VALUE {
[INFO] [stdout]     |                  ^^^^^^^^^ use of undeclared crate or module `handleapi`
[INFO] [stdout] 
[INFO] [stdout] 
[INFO] [stdout] error[E0433]: failed to resolve: use of undeclared crate or module `tlhelp32`
[INFO] [stdout]    --> /opt/rustwide/cargo-home/git/checkouts/memory-rs-b7d7c173f9898159/9802224/src/external/process.rs:240:28
[INFO] [stdout]     |
[INFO] [stdout] 240 |     let mut module_entry = tlhelp32::MODULEENTRY32::default();
[INFO] [stdout]     |                            ^^^^^^^^ use of undeclared crate or module `tlhelp32`
[INFO] [stdout] 
[INFO] [stdout] 
[INFO] [stdout] error[E0433]: failed to resolve: use of undeclared crate or module `tlhelp32`
[INFO] [stdout]    --> /opt/rustwide/cargo-home/git/checkouts/memory-rs-b7d7c173f9898159/9802224/src/external/process.rs:241:42
[INFO] [stdout]     |
[INFO] [stdout] 241 |     module_entry.dwSize = mem::size_of::<tlhelp32::MODULEENTRY32>() as u32;
[INFO] [stdout]     |                                          ^^^^^^^^ use of undeclared crate or module `tlhelp32`
[INFO] [stdout] 
[INFO] [stdout] 
[INFO] [stdout] error[E0433]: failed to resolve: use of undeclared crate or module `tlhelp32`
[INFO] [stdout]    --> /opt/rustwide/cargo-home/git/checkouts/memory-rs-b7d7c173f9898159/9802224/src/external/process.rs:244:12
[INFO] [stdout]     |
[INFO] [stdout] 244 |         if tlhelp32::Module32First(h_snap, &mut module_entry) != 0 {
[INFO] [stdout]     |            ^^^^^^^^ use of undeclared crate or module `tlhelp32`
[INFO] [stdout] 
[INFO] [stdout] 
[INFO] [stdout] error[E0433]: failed to resolve: use of undeclared crate or module `tlhelp32`
[INFO] [stdout]    --> /opt/rustwide/cargo-home/git/checkouts/memory-rs-b7d7c173f9898159/9802224/src/external/process.rs:254:20
[INFO] [stdout]     |
[INFO] [stdout] 254 |                 if tlhelp32::Module32Next(h_snap, &mut module_entry) == 0 {
[INFO] [stdout]     |                    ^^^^^^^^ use of undeclared crate or module `tlhelp32`
[INFO] [stdout] 
[INFO] [stdout] 
[INFO] [stdout] error[E0433]: failed to resolve: use of undeclared crate or module `handleapi`
[INFO] [stdout]    --> /opt/rustwide/cargo-home/git/checkouts/memory-rs-b7d7c173f9898159/9802224/src/external/process.rs:260:9
[INFO] [stdout]     |
[INFO] [stdout] 260 |         handleapi::CloseHandle(h_snap);
[INFO] [stdout]     |         ^^^^^^^^^ use of undeclared crate or module `handleapi`
[INFO] [stdout] 
[INFO] [stdout] 
[INFO] [stdout] error[E0425]: cannot find function, tuple struct or tuple variant `VirtualProtect` in this scope
[INFO] [stdout]   --> /opt/rustwide/cargo-home/git/checkouts/memory-rs-b7d7c173f9898159/9802224/src/internal/memory.rs:22:17
[INFO] [stdout]    |
[INFO] [stdout] 22 |     try_winapi!(VirtualProtect(
[INFO] [stdout]    |                 ^^^^^^^^^^^^^^ not found in this scope
[INFO] [stdout] 
[INFO] [stdout] 
[INFO] [stdout] error[E0412]: cannot find type `LPVOID` in this scope
[INFO] [stdout]   --> /opt/rustwide/cargo-home/git/checkouts/memory-rs-b7d7c173f9898159/9802224/src/internal/memory.rs:23:16
[INFO] [stdout]    |
[INFO] [stdout] 23 |         ptr as LPVOID,
[INFO] [stdout]    |                ^^^^^^ not found in this scope
[INFO] [stdout] 
[INFO] [stdout] 
[INFO] [stdout] error[E0425]: cannot find value `PAGE_EXECUTE_READWRITE` in this scope
[INFO] [stdout]   --> /opt/rustwide/cargo-home/git/checkouts/memory-rs-b7d7c173f9898159/9802224/src/internal/memory.rs:25:9
[INFO] [stdout]    |
[INFO] [stdout] 25 |         PAGE_EXECUTE_READWRITE,
[INFO] [stdout]    |         ^^^^^^^^^^^^^^^^^^^^^^ not found in this scope
[INFO] [stdout] 
[INFO] [stdout] 
[INFO] [stdout] error[E0425]: cannot find function, tuple struct or tuple variant `VirtualProtect` in this scope
[INFO] [stdout]   --> /opt/rustwide/cargo-home/git/checkouts/memory-rs-b7d7c173f9898159/9802224/src/internal/memory.rs:32:17
[INFO] [stdout]    |
[INFO] [stdout] 32 |     try_winapi!(VirtualProtect(
[INFO] [stdout]    |                 ^^^^^^^^^^^^^^ not found in this scope
[INFO] [stdout] 
[INFO] [stdout] 
[INFO] [stdout] error[E0412]: cannot find type `LPVOID` in this scope
[INFO] [stdout]   --> /opt/rustwide/cargo-home/git/checkouts/memory-rs-b7d7c173f9898159/9802224/src/internal/memory.rs:33:16
[INFO] [stdout]    |
[INFO] [stdout] 33 |         ptr as LPVOID,
[INFO] [stdout]    |                ^^^^^^ not found in this scope
[INFO] [stdout] 
[INFO] [stdout] 
[INFO] [stdout] error[E0425]: cannot find function, tuple struct or tuple variant `GetCurrentProcess` in this scope
[INFO] [stdout]   --> /opt/rustwide/cargo-home/git/checkouts/memory-rs-b7d7c173f9898159/9802224/src/internal/memory.rs:39:14
[INFO] [stdout]    |
[INFO] [stdout] 39 |     let ph = GetCurrentProcess();
[INFO] [stdout]    |              ^^^^^^^^^^^^^^^^^ not found in this scope
[INFO] [stdout] 
[INFO] [stdout] 
[INFO] [stdout] error[E0425]: cannot find function, tuple struct or tuple variant `FlushInstructionCache` in this scope
[INFO] [stdout]   --> /opt/rustwide/cargo-home/git/checkouts/memory-rs-b7d7c173f9898159/9802224/src/internal/memory.rs:40:5
[INFO] [stdout]    |
[INFO] [stdout] 40 |     FlushInstructionCache(ph, ptr as LPVOID, size);
[INFO] [stdout]    |     ^^^^^^^^^^^^^^^^^^^^^ not found in this scope
[INFO] [stdout] 
[INFO] [stdout] 
[INFO] [stdout] error[E0412]: cannot find type `LPVOID` in this scope
[INFO] [stdout]   --> /opt/rustwide/cargo-home/git/checkouts/memory-rs-b7d7c173f9898159/9802224/src/internal/memory.rs:40:38
[INFO] [stdout]    |
[INFO] [stdout] 40 |     FlushInstructionCache(ph, ptr as LPVOID, size);
[INFO] [stdout]    |                                      ^^^^^^ not found in this scope
[INFO] [stdout] 
[INFO] [stdout] 
[INFO] [stdout] error[E0425]: cannot find function, tuple struct or tuple variant `GetCurrentProcess` in this scope
[INFO] [stdout]   --> /opt/rustwide/cargo-home/git/checkouts/memory-rs-b7d7c173f9898159/9802224/src/internal/memory.rs:60:14
[INFO] [stdout]    |
[INFO] [stdout] 60 |     let ph = GetCurrentProcess();
[INFO] [stdout]    |              ^^^^^^^^^^^^^^^^^ not found in this scope
[INFO] [stdout] 
[INFO] [stdout] 
[INFO] [stdout] error[E0425]: cannot find function, tuple struct or tuple variant `VirtualProtect` in this scope
[INFO] [stdout]   --> /opt/rustwide/cargo-home/git/checkouts/memory-rs-b7d7c173f9898159/9802224/src/internal/memory.rs:66:17
[INFO] [stdout]    |
[INFO] [stdout] 66 |     try_winapi!(VirtualProtect(
[INFO] [stdout]    |                 ^^^^^^^^^^^^^^ not found in this scope
[INFO] [stdout] 
[INFO] [stdout] 
[INFO] [stdout] error[E0412]: cannot find type `LPVOID` in this scope
[INFO] [stdout]   --> /opt/rustwide/cargo-home/git/checkouts/memory-rs-b7d7c173f9898159/9802224/src/internal/memory.rs:67:30
[INFO] [stdout]    |
[INFO] [stdout] 67 |         original_function as LPVOID,
[INFO] [stdout]    |                              ^^^^^^ not found in this scope
[INFO] [stdout] 
[INFO] [stdout] 
[INFO] [stdout] error[E0425]: cannot find value `PAGE_EXECUTE_READWRITE` in this scope
[INFO] [stdout]   --> /opt/rustwide/cargo-home/git/checkouts/memory-rs-b7d7c173f9898159/9802224/src/internal/memory.rs:69:9
[INFO] [stdout]    |
[INFO] [stdout] 69 |         PAGE_EXECUTE_READWRITE,
[INFO] [stdout]    |         ^^^^^^^^^^^^^^^^^^^^^^ not found in this scope
[INFO] [stdout] 
[INFO] [stdout] 
[INFO] [stdout] error[E0425]: cannot find function, tuple struct or tuple variant `FlushInstructionCache` in this scope
[INFO] [stdout]   --> /opt/rustwide/cargo-home/git/checkouts/memory-rs-b7d7c173f9898159/9802224/src/internal/memory.rs:94:5
[INFO] [stdout]    |
[INFO] [stdout] 94 |     FlushInstructionCache(ph, original_function as LPVOID, injection.len());
[INFO] [stdout]    |     ^^^^^^^^^^^^^^^^^^^^^ not found in this scope
[INFO] [stdout] 
[INFO] [stdout] 
[INFO] [stdout] error[E0412]: cannot find type `LPVOID` in this scope
[INFO] [stdout]   --> /opt/rustwide/cargo-home/git/checkouts/memory-rs-b7d7c173f9898159/9802224/src/internal/memory.rs:94:52
[INFO] [stdout]    |
[INFO] [stdout] 94 |     FlushInstructionCache(ph, original_function as LPVOID, injection.len());
[INFO] [stdout]    |                                                    ^^^^^^ not found in this scope
[INFO] [stdout] 
[INFO] [stdout] 
[INFO] [stdout] error[E0425]: cannot find function, tuple struct or tuple variant `VirtualProtect` in this scope
[INFO] [stdout]   --> /opt/rustwide/cargo-home/git/checkouts/memory-rs-b7d7c173f9898159/9802224/src/internal/memory.rs:96:17
[INFO] [stdout]    |
[INFO] [stdout] 96 |     try_winapi!(VirtualProtect(
[INFO] [stdout]    |                 ^^^^^^^^^^^^^^ not found in this scope
[INFO] [stdout] 
[INFO] [stdout] 
[INFO] [stdout] error[E0412]: cannot find type `LPVOID` in this scope
[INFO] [stdout]   --> /opt/rustwide/cargo-home/git/checkouts/memory-rs-b7d7c173f9898159/9802224/src/internal/memory.rs:97:30
[INFO] [stdout]    |
[INFO] [stdout] 97 |         original_function as LPVOID,
[INFO] [stdout]    |                              ^^^^^^ not found in this scope
[INFO] [stdout] 
[INFO] [stdout] 
[INFO] [stdout] error[E0412]: cannot find type `MEMORY_BASIC_INFORMATION` in this scope
[INFO] [stdout]    --> /opt/rustwide/cargo-home/git/checkouts/memory-rs-b7d7c173f9898159/9802224/src/internal/memory.rs:117:44
[INFO] [stdout]     |
[INFO] [stdout] 114 | fn check_valid_region(start_address: usize, len: usize) -> Result<()> {
[INFO] [stdout]     |                      - help: you might be missing a type parameter: `<MEMORY_BASIC_INFORMATION>`
[INFO] [stdout] ...
[INFO] [stdout] 117 |     let size_mem_inf = std::mem::size_of::<MEMORY_BASIC_INFORMATION>();
[INFO] [stdout]     |                                            ^^^^^^^^^^^^^^^^^^^^^^^^ not found in this scope
[INFO] [stdout] 
[INFO] [stdout] 
[INFO] [stdout] error[E0425]: cannot find function, tuple struct or tuple variant `VirtualQuery` in this scope
[INFO] [stdout]    --> /opt/rustwide/cargo-home/git/checkouts/memory-rs-b7d7c173f9898159/9802224/src/internal/memory.rs:122:25
[INFO] [stdout]     |
[INFO] [stdout] 122 |             try_winapi!(VirtualQuery(
[INFO] [stdout]     |                         ^^^^^^^^^^^^ not found in this scope
[INFO] [stdout] 
[INFO] [stdout] 
[INFO] [stdout] error[E0412]: cannot find type `LPVOID` in this scope
[INFO] [stdout]    --> /opt/rustwide/cargo-home/git/checkouts/memory-rs-b7d7c173f9898159/9802224/src/internal/memory.rs:123:50
[INFO] [stdout]     |
[INFO] [stdout] 123 |                 (start_address + region_size) as LPVOID,
[INFO] [stdout]     |                                                  ^^^^^^ not found in this scope
[INFO] [stdout] 
[INFO] [stdout] 
[INFO] [stdout] error[E0425]: cannot find value `MEM_FREE` in this scope
[INFO] [stdout]    --> /opt/rustwide/cargo-home/git/checkouts/memory-rs-b7d7c173f9898159/9802224/src/internal/memory.rs:129:33
[INFO] [stdout]     |
[INFO] [stdout] 129 |         if information.State == MEM_FREE {
[INFO] [stdout]     |                                 ^^^^^^^^ not found in this scope
[INFO] [stdout] 
[INFO] [stdout] 
[INFO] [stdout] error[E0412]: cannot find type `LPVOID` in this scope
[INFO] [stdout]    --> /opt/rustwide/cargo-home/git/checkouts/memory-rs-b7d7c173f9898159/9802224/src/internal/memory.rs:243:40
[INFO] [stdout]     |
[INFO] [stdout] 243 | pub unsafe fn resolve_module_path(lib: LPVOID) -> Result<PathBuf> {
[INFO] [stdout]     |                                        ^^^^^^ not found in this scope
[INFO] [stdout] 
[INFO] [stdout] 
[INFO] [stdout] error[E0412]: cannot find type `HMODULE` in this scope
[INFO] [stdout]  --> /opt/rustwide/cargo-home/git/checkouts/memory-rs-b7d7c173f9898159/9802224/src/internal/process_info.rs:9:17
[INFO] [stdout]   |
[INFO] [stdout] 9 |     pub handle: HMODULE,
[INFO] [stdout]   |                 ^^^^^^^ not found in this scope
[INFO] [stdout] 
[INFO] [stdout] 
[INFO] [stdout] error[E0412]: cannot find type `HANDLE` in this scope
[INFO] [stdout]  --> /opt/rustwide/cargo-home/git/checkouts/memory-rs-b7d7c173f9898159/9802224/src/external/memory.rs:9:27
[INFO] [stdout]   |
[INFO] [stdout] 9 | pub fn get_aob(h_process: HANDLE, ptr: DWORD_PTR, n: usize) -> Vec<u8> {
[INFO] [stdout]   |                           ^^^^^^ not found in this scope
[INFO] [stdout] 
[INFO] [stdout] 
[INFO] [stdout] error[E0412]: cannot find type `DWORD_PTR` in this scope
[INFO] [stdout]  --> /opt/rustwide/cargo-home/git/checkouts/memory-rs-b7d7c173f9898159/9802224/src/external/memory.rs:9:40
[INFO] [stdout]   |
[INFO] [stdout] 9 | pub fn get_aob(h_process: HANDLE, ptr: DWORD_PTR, n: usize) -> Vec<u8> {
[INFO] [stdout]   |                                        ^^^^^^^^^ not found in this scope
[INFO] [stdout] 
[INFO] [stdout] 
[INFO] [stdout] error[E0425]: cannot find function, tuple struct or tuple variant `ReadProcessMemory` in this scope
[INFO] [stdout]   --> /opt/rustwide/cargo-home/git/checkouts/memory-rs-b7d7c173f9898159/9802224/src/external/memory.rs:14:9
[INFO] [stdout]    |
[INFO] [stdout] 14 |         ReadProcessMemory(
[INFO] [stdout]    |         ^^^^^^^^^^^^^^^^^ not found in this scope
[INFO] [stdout] 
[INFO] [stdout] 
[INFO] [stdout] error[E0412]: cannot find type `LPCVOID` in this scope
[INFO] [stdout]   --> /opt/rustwide/cargo-home/git/checkouts/memory-rs-b7d7c173f9898159/9802224/src/external/memory.rs:16:20
[INFO] [stdout]    |
[INFO] [stdout] 16 |             ptr as LPCVOID,
[INFO] [stdout]    |                    ^^^^^^^ not found in this scope
[INFO] [stdout] 
[INFO] [stdout] 
[INFO] [stdout] error[E0412]: cannot find type `LPVOID` in this scope
[INFO] [stdout]   --> /opt/rustwide/cargo-home/git/checkouts/memory-rs-b7d7c173f9898159/9802224/src/external/memory.rs:17:36
[INFO] [stdout]    |
[INFO] [stdout] 17 |             buffer.as_mut_ptr() as LPVOID,
[INFO] [stdout]    |                                    ^^^^^^ not found in this scope
[INFO] [stdout] 
[INFO] [stdout] 
[INFO] [stdout] error[E0412]: cannot find type `HANDLE` in this scope
[INFO] [stdout]   --> /opt/rustwide/cargo-home/git/checkouts/memory-rs-b7d7c173f9898159/9802224/src/external/memory.rs:29:29
[INFO] [stdout]    |
[INFO] [stdout] 29 | pub fn write_aob(h_process: HANDLE, ptr: DWORD_PTR, source: &[u8]) -> usize {
[INFO] [stdout]    |                             ^^^^^^ not found in this scope
[INFO] [stdout] 
[INFO] [stdout] 
[INFO] [stdout] error[E0412]: cannot find type `DWORD_PTR` in this scope
[INFO] [stdout]   --> /opt/rustwide/cargo-home/git/checkouts/memory-rs-b7d7c173f9898159/9802224/src/external/memory.rs:29:42
[INFO] [stdout]    |
[INFO] [stdout] 29 | pub fn write_aob(h_process: HANDLE, ptr: DWORD_PTR, source: &[u8]) -> usize {
[INFO] [stdout]    |                                          ^^^^^^^^^ not found in this scope
[INFO] [stdout] 
[INFO] [stdout] 
[INFO] [stdout] error[E0412]: cannot find type `DWORD` in this scope
[INFO] [stdout]   --> /opt/rustwide/cargo-home/git/checkouts/memory-rs-b7d7c173f9898159/9802224/src/external/memory.rs:30:31
[INFO] [stdout]    |
[INFO] [stdout] 30 |     let mut protection_bytes: DWORD = 0x0;
[INFO] [stdout]    |                               ^^^^^ not found in this scope
[INFO] [stdout] 
[INFO] [stdout] 
[INFO] [stdout] error[E0425]: cannot find function, tuple struct or tuple variant `VirtualProtectEx` in this scope
[INFO] [stdout]   --> /opt/rustwide/cargo-home/git/checkouts/memory-rs-b7d7c173f9898159/9802224/src/external/memory.rs:36:9
[INFO] [stdout]    |
[INFO] [stdout] 36 |         VirtualProtectEx(
[INFO] [stdout]    |         ^^^^^^^^^^^^^^^^ not found in this scope
[INFO] [stdout] 
[INFO] [stdout] 
[INFO] [stdout] error[E0412]: cannot find type `LPVOID` in this scope
[INFO] [stdout]   --> /opt/rustwide/cargo-home/git/checkouts/memory-rs-b7d7c173f9898159/9802224/src/external/memory.rs:38:23
[INFO] [stdout]    |
[INFO] [stdout] 38 |             c_addr as LPVOID,
[INFO] [stdout]    |                       ^^^^^^ not found in this scope
[INFO] [stdout] 
[INFO] [stdout] 
[INFO] [stdout] error[E0425]: cannot find value `PAGE_EXECUTE_READWRITE` in this scope
[INFO] [stdout]   --> /opt/rustwide/cargo-home/git/checkouts/memory-rs-b7d7c173f9898159/9802224/src/external/memory.rs:40:13
[INFO] [stdout]    |
[INFO] [stdout] 40 |             PAGE_EXECUTE_READWRITE,
[INFO] [stdout]    |             ^^^^^^^^^^^^^^^^^^^^^^ not found in this scope
[INFO] [stdout] 
[INFO] [stdout] 
[INFO] [stdout] error[E0412]: cannot find type `PDWORD` in this scope
[INFO] [stdout]   --> /opt/rustwide/cargo-home/git/checkouts/memory-rs-b7d7c173f9898159/9802224/src/external/memory.rs:41:38
[INFO] [stdout]    |
[INFO] [stdout] 41 |             &mut protection_bytes as PDWORD,
[INFO] [stdout]    |                                      ^^^^^^ not found in this scope
[INFO] [stdout] 
[INFO] [stdout] 
[INFO] [stdout] error[E0425]: cannot find function, tuple struct or tuple variant `WriteProcessMemory` in this scope
[INFO] [stdout]   --> /opt/rustwide/cargo-home/git/checkouts/memory-rs-b7d7c173f9898159/9802224/src/external/memory.rs:44:9
[INFO] [stdout]    |
[INFO] [stdout] 44 |         WriteProcessMemory(
[INFO] [stdout]    |         ^^^^^^^^^^^^^^^^^^ not found in this scope
[INFO] [stdout] 
[INFO] [stdout] 
[INFO] [stdout] error[E0412]: cannot find type `LPVOID` in this scope
[INFO] [stdout]   --> /opt/rustwide/cargo-home/git/checkouts/memory-rs-b7d7c173f9898159/9802224/src/external/memory.rs:46:23
[INFO] [stdout]    |
[INFO] [stdout] 46 |             c_addr as LPVOID,
[INFO] [stdout]    |                       ^^^^^^ not found in this scope
[INFO] [stdout] 
[INFO] [stdout] 
[INFO] [stdout] error[E0412]: cannot find type `LPVOID` in this scope
[INFO] [stdout]   --> /opt/rustwide/cargo-home/git/checkouts/memory-rs-b7d7c173f9898159/9802224/src/external/memory.rs:47:36
[INFO] [stdout]    |
[INFO] [stdout] 47 |             source[..].as_ptr() as LPVOID,
[INFO] [stdout]    |                                    ^^^^^^ not found in this scope
[INFO] [stdout] 
[INFO] [stdout] 
[INFO] [stdout] error[E0425]: cannot find function, tuple struct or tuple variant `VirtualProtectEx` in this scope
[INFO] [stdout]   --> /opt/rustwide/cargo-home/git/checkouts/memory-rs-b7d7c173f9898159/9802224/src/external/memory.rs:52:9
[INFO] [stdout]    |
[INFO] [stdout] 52 |         VirtualProtectEx(
[INFO] [stdout]    |         ^^^^^^^^^^^^^^^^ not found in this scope
[INFO] [stdout] 
[INFO] [stdout] 
[INFO] [stdout] error[E0412]: cannot find type `LPVOID` in this scope
[INFO] [stdout]   --> /opt/rustwide/cargo-home/git/checkouts/memory-rs-b7d7c173f9898159/9802224/src/external/memory.rs:54:23
[INFO] [stdout]    |
[INFO] [stdout] 54 |             c_addr as LPVOID,
[INFO] [stdout]    |                       ^^^^^^ not found in this scope
[INFO] [stdout] 
[INFO] [stdout] 
[INFO] [stdout] error[E0412]: cannot find type `PDWORD` in this scope
[INFO] [stdout]   --> /opt/rustwide/cargo-home/git/checkouts/memory-rs-b7d7c173f9898159/9802224/src/external/memory.rs:57:38
[INFO] [stdout]    |
[INFO] [stdout] 57 |             &mut protection_bytes as PDWORD,
[INFO] [stdout]    |                                      ^^^^^^ not found in this scope
[INFO] [stdout] 
[INFO] [stdout] 
[INFO] [stdout] error[E0412]: cannot find type `HANDLE` in this scope
[INFO] [stdout]   --> /opt/rustwide/cargo-home/git/checkouts/memory-rs-b7d7c173f9898159/9802224/src/external/memory.rs:70:30
[INFO] [stdout]    |
[INFO] [stdout] 70 | pub fn write_nops(h_process: HANDLE, ptr: DWORD_PTR, n: usize) {
[INFO] [stdout]    |                              ^^^^^^ not found in this scope
[INFO] [stdout] 
[INFO] [stdout] 
[INFO] [stdout] error[E0412]: cannot find type `DWORD_PTR` in this scope
[INFO] [stdout]   --> /opt/rustwide/cargo-home/git/checkouts/memory-rs-b7d7c173f9898159/9802224/src/external/memory.rs:70:43
[INFO] [stdout]    |
[INFO] [stdout] 70 | pub fn write_nops(h_process: HANDLE, ptr: DWORD_PTR, n: usize) {
[INFO] [stdout]    |                                           ^^^^^^^^^ not found in this scope
[INFO] [stdout] 
[INFO] [stdout] 
[INFO] [stdout] error[E0412]: cannot find type `HANDLE` in this scope
[INFO] [stdout]   --> /opt/rustwide/cargo-home/git/checkouts/memory-rs-b7d7c173f9898159/9802224/src/external/memory.rs:75:33
[INFO] [stdout]    |
[INFO] [stdout] 75 | pub fn hook_function(h_process: HANDLE, to_hook: DWORD_PTR, f: DWORD_PTR, len: usize) {
[INFO] [stdout]    |                                 ^^^^^^ not found in this scope
[INFO] [stdout] 
[INFO] [stdout] 
[INFO] [stdout] error[E0412]: cannot find type `DWORD_PTR` in this scope
[INFO] [stdout]   --> /opt/rustwide/cargo-home/git/checkouts/memory-rs-b7d7c173f9898159/9802224/src/external/memory.rs:75:50
[INFO] [stdout]    |
[INFO] [stdout] 75 | pub fn hook_function(h_process: HANDLE, to_hook: DWORD_PTR, f: DWORD_PTR, len: usize) {
[INFO] [stdout]    |                                                  ^^^^^^^^^ not found in this scope
[INFO] [stdout] 
[INFO] [stdout] 
[INFO] [stdout] error[E0412]: cannot find type `DWORD_PTR` in this scope
[INFO] [stdout]   --> /opt/rustwide/cargo-home/git/checkouts/memory-rs-b7d7c173f9898159/9802224/src/external/memory.rs:75:64
[INFO] [stdout]    |
[INFO] [stdout] 75 | pub fn hook_function(h_process: HANDLE, to_hook: DWORD_PTR, f: DWORD_PTR, len: usize) {
[INFO] [stdout]    |                                                                ^^^^^^^^^ not found in this scope
[INFO] [stdout] 
[INFO] [stdout] 
[INFO] [stdout] error[E0412]: cannot find type `DWORD` in this scope
[INFO] [stdout]   --> /opt/rustwide/cargo-home/git/checkouts/memory-rs-b7d7c173f9898159/9802224/src/external/memory.rs:80:33
[INFO] [stdout]    |
[INFO] [stdout] 80 |     let mut current_protection: DWORD = 0x0;
[INFO] [stdout]    |                                 ^^^^^ not found in this scope
[INFO] [stdout] 
[INFO] [stdout] 
[INFO] [stdout] error[E0425]: cannot find function, tuple struct or tuple variant `VirtualProtectEx` in this scope
[INFO] [stdout]   --> /opt/rustwide/cargo-home/git/checkouts/memory-rs-b7d7c173f9898159/9802224/src/external/memory.rs:83:9
[INFO] [stdout]    |
[INFO] [stdout] 83 |         VirtualProtectEx(
[INFO] [stdout]    |         ^^^^^^^^^^^^^^^^ not found in this scope
[INFO] [stdout] 
[INFO] [stdout] 
[INFO] [stdout] error[E0412]: cannot find type `LPVOID` in this scope
[INFO] [stdout]   --> /opt/rustwide/cargo-home/git/checkouts/memory-rs-b7d7c173f9898159/9802224/src/external/memory.rs:85:24
[INFO] [stdout]    |
[INFO] [stdout] 85 |             to_hook as LPVOID,
[INFO] [stdout]    |                        ^^^^^^ not found in this scope
[INFO] [stdout] 
[INFO] [stdout] 
[INFO] [stdout] error[E0425]: cannot find value `PAGE_EXECUTE_READWRITE` in this scope
[INFO] [stdout]   --> /opt/rustwide/cargo-home/git/checkouts/memory-rs-b7d7c173f9898159/9802224/src/external/memory.rs:87:13
[INFO] [stdout]    |
[INFO] [stdout] 87 |             PAGE_EXECUTE_READWRITE,
[INFO] [stdout]    |             ^^^^^^^^^^^^^^^^^^^^^^ not found in this scope
[INFO] [stdout] 
[INFO] [stdout] 
[INFO] [stdout] error[E0412]: cannot find type `PDWORD` in this scope
[INFO] [stdout]   --> /opt/rustwide/cargo-home/git/checkouts/memory-rs-b7d7c173f9898159/9802224/src/external/memory.rs:88:40
[INFO] [stdout]    |
[INFO] [stdout] 88 |             &mut current_protection as PDWORD,
[INFO] [stdout]    |                                        ^^^^^^ not found in this scope
[INFO] [stdout] 
[INFO] [stdout] 
[INFO] [stdout] error[E0412]: cannot find type `DWORD` in this scope
[INFO] [stdout]   --> /opt/rustwide/cargo-home/git/checkouts/memory-rs-b7d7c173f9898159/9802224/src/external/memory.rs:97:27
[INFO] [stdout]    |
[INFO] [stdout] 97 |     let relative_address: DWORD = (_diff as DWORD - 5) as DWORD;
[INFO] [stdout]    |                           ^^^^^ not found in this scope
[INFO] [stdout] 
[INFO] [stdout] 
[INFO] [stdout] error[E0412]: cannot find type `DWORD` in this scope
[INFO] [stdout]   --> /opt/rustwide/cargo-home/git/checkouts/memory-rs-b7d7c173f9898159/9802224/src/external/memory.rs:97:45
[INFO] [stdout]    |
[INFO] [stdout] 97 |     let relative_address: DWORD = (_diff as DWORD - 5) as DWORD;
[INFO] [stdout]    |                                             ^^^^^ not found in this scope
[INFO] [stdout] 
[INFO] [stdout] 
[INFO] [stdout] error[E0412]: cannot find type `DWORD` in this scope
[INFO] [stdout]   --> /opt/rustwide/cargo-home/git/checkouts/memory-rs-b7d7c173f9898159/9802224/src/external/memory.rs:97:59
[INFO] [stdout]    |
[INFO] [stdout] 97 |     let relative_address: DWORD = (_diff as DWORD - 5) as DWORD;
[INFO] [stdout]    |                                                           ^^^^^ not found in this scope
[INFO] [stdout] 
[INFO] [stdout] 
[INFO] [stdout] error[E0412]: cannot find type `DWORD` in this scope
[INFO] [stdout]   --> /opt/rustwide/cargo-home/git/checkouts/memory-rs-b7d7c173f9898159/9802224/src/external/memory.rs:98:54
[INFO] [stdout]    |
[INFO] [stdout] 75 | pub fn hook_function(h_process: HANDLE, to_hook: DWORD_PTR, f: DWORD_PTR, len: usize) {
[INFO] [stdout]    |                     - help: you might be missing a type parameter: `<DWORD>`
[INFO] [stdout] ...
[INFO] [stdout] 98 |     let relative_aob: [u8; 4] = unsafe { transmute::<DWORD, [u8; 4]>(relative_address.to_le()) };
[INFO] [stdout]    |                                                      ^^^^^ not found in this scope
[INFO] [stdout] 
[INFO] [stdout] 
[INFO] [stdout] error[E0425]: cannot find function, tuple struct or tuple variant `VirtualProtectEx` in this scope
[INFO] [stdout]    --> /opt/rustwide/cargo-home/git/checkouts/memory-rs-b7d7c173f9898159/9802224/src/external/memory.rs:108:9
[INFO] [stdout]     |
[INFO] [stdout] 108 |         VirtualProtectEx(
[INFO] [stdout]     |         ^^^^^^^^^^^^^^^^ not found in this scope
[INFO] [stdout] 
[INFO] [stdout] 
[INFO] [stdout] error[E0412]: cannot find type `LPVOID` in this scope
[INFO] [stdout]    --> /opt/rustwide/cargo-home/git/checkouts/memory-rs-b7d7c173f9898159/9802224/src/external/memory.rs:110:24
[INFO] [stdout]     |
[INFO] [stdout] 110 |             to_hook as LPVOID,
[INFO] [stdout]     |                        ^^^^^^ not found in this scope
[INFO] [stdout] 
[INFO] [stdout] 
[INFO] [stdout] error[E0412]: cannot find type `PDWORD` in this scope
[INFO] [stdout]    --> /opt/rustwide/cargo-home/git/checkouts/memory-rs-b7d7c173f9898159/9802224/src/external/memory.rs:113:40
[INFO] [stdout]     |
[INFO] [stdout] 113 |             &mut current_protection as PDWORD,
[INFO] [stdout]     |                                        ^^^^^^ not found in this scope
[INFO] [stdout] 
[INFO] [stdout] 
[INFO] [stdout] error[E0412]: cannot find type `HANDLE` in this scope
[INFO] [stdout]    --> /opt/rustwide/cargo-home/git/checkouts/memory-rs-b7d7c173f9898159/9802224/src/external/memory.rs:125:16
[INFO] [stdout]     |
[INFO] [stdout] 125 |     h_process: HANDLE,
[INFO] [stdout]     |                ^^^^^^ not found in this scope
[INFO] [stdout] 
[INFO] [stdout] 
[INFO] [stdout] error[E0412]: cannot find type `DWORD_PTR` in this scope
[INFO] [stdout]    --> /opt/rustwide/cargo-home/git/checkouts/memory-rs-b7d7c173f9898159/9802224/src/external/memory.rs:126:26
[INFO] [stdout]     |
[INFO] [stdout] 126 |     module_base_address: DWORD_PTR,
[INFO] [stdout]     |                          ^^^^^^^^^ not found in this scope
[INFO] [stdout] 
[INFO] [stdout] 
[INFO] [stdout] error[E0412]: cannot find type `DWORD_PTR` in this scope
[INFO] [stdout]    --> /opt/rustwide/cargo-home/git/checkouts/memory-rs-b7d7c173f9898159/9802224/src/external/memory.rs:127:18
[INFO] [stdout]     |
[INFO] [stdout] 127 |     entry_point: DWORD_PTR,
[INFO] [stdout]     |                  ^^^^^^^^^ not found in this scope
[INFO] [stdout] 
[INFO] [stdout] 
[INFO] [stdout] error[E0412]: cannot find type `DWORD_PTR` in this scope
[INFO] [stdout]    --> /opt/rustwide/cargo-home/git/checkouts/memory-rs-b7d7c173f9898159/9802224/src/external/memory.rs:131:6
[INFO] [stdout]     |
[INFO] [stdout] 131 | ) -> DWORD_PTR {
[INFO] [stdout]     |      ^^^^^^^^^ not found in this scope
[INFO] [stdout] 
[INFO] [stdout] 
[INFO] [stdout] error[E0412]: cannot find type `DWORD_PTR` in this scope
[INFO] [stdout]    --> /opt/rustwide/cargo-home/git/checkouts/memory-rs-b7d7c173f9898159/9802224/src/external/memory.rs:136:30
[INFO] [stdout]     |
[INFO] [stdout] 136 |     let mut shellcode_space: DWORD_PTR = 0x0;
[INFO] [stdout]     |                              ^^^^^^^^^ not found in this scope
[INFO] [stdout] 
[INFO] [stdout] 
[INFO] [stdout] error[E0425]: cannot find function, tuple struct or tuple variant `VirtualAllocEx` in this scope
[INFO] [stdout]    --> /opt/rustwide/cargo-home/git/checkouts/memory-rs-b7d7c173f9898159/9802224/src/external/memory.rs:140:27
[INFO] [stdout]     |
[INFO] [stdout] 140 |         shellcode_space = VirtualAllocEx(
[INFO] [stdout]     |                           ^^^^^^^^^^^^^^ not found in this scope
[INFO] [stdout] 
[INFO] [stdout] 
[INFO] [stdout] error[E0412]: cannot find type `LPVOID` in this scope
[INFO] [stdout]    --> /opt/rustwide/cargo-home/git/checkouts/memory-rs-b7d7c173f9898159/9802224/src/external/memory.rs:142:32
[INFO] [stdout]     |
[INFO] [stdout] 142 |             current_address as LPVOID,
[INFO] [stdout]     |                                ^^^^^^ not found in this scope
[INFO] [stdout] 
[INFO] [stdout] 
[INFO] [stdout] error[E0425]: cannot find value `MEM_RESERVE` in this scope
[INFO] [stdout]    --> /opt/rustwide/cargo-home/git/checkouts/memory-rs-b7d7c173f9898159/9802224/src/external/memory.rs:144:13
[INFO] [stdout]     |
[INFO] [stdout] 144 |             MEM_RESERVE | MEM_COMMIT,
[INFO] [stdout]     |             ^^^^^^^^^^^ not found in this scope
[INFO] [stdout] 
[INFO] [stdout] 
[INFO] [stdout] error[E0425]: cannot find value `MEM_COMMIT` in this scope
[INFO] [stdout]    --> /opt/rustwide/cargo-home/git/checkouts/memory-rs-b7d7c173f9898159/9802224/src/external/memory.rs:144:27
[INFO] [stdout]     |
[INFO] [stdout] 144 |             MEM_RESERVE | MEM_COMMIT,
[INFO] [stdout]     |                           ^^^^^^^^^^ not found in this scope
[INFO] [stdout] 
[INFO] [stdout] 
[INFO] [stdout] error[E0425]: cannot find value `PAGE_EXECUTE_READWRITE` in this scope
[INFO] [stdout]    --> /opt/rustwide/cargo-home/git/checkouts/memory-rs-b7d7c173f9898159/9802224/src/external/memory.rs:145:13
[INFO] [stdout]     |
[INFO] [stdout] 145 |             PAGE_EXECUTE_READWRITE,
[INFO] [stdout]     |             ^^^^^^^^^^^^^^^^^^^^^^ not found in this scope
[INFO] [stdout] 
[INFO] [stdout] 
[INFO] [stdout] error[E0412]: cannot find type `DWORD_PTR` in this scope
[INFO] [stdout]    --> /opt/rustwide/cargo-home/git/checkouts/memory-rs-b7d7c173f9898159/9802224/src/external/memory.rs:146:14
[INFO] [stdout]     |
[INFO] [stdout] 146 |         ) as DWORD_PTR;
[INFO] [stdout]     |              ^^^^^^^^^ not found in this scope
[INFO] [stdout] 
[INFO] [stdout] 
[INFO] [stdout] error[E0412]: cannot find type `HANDLE` in this scope
[INFO] [stdout]   --> /opt/rustwide/cargo-home/git/checkouts/memory-rs-b7d7c173f9898159/9802224/src/external/process.rs:14:20
[INFO] [stdout]    |
[INFO] [stdout] 14 |     pub h_process: HANDLE,
[INFO] [stdout]    |                    ^^^^^^ not found in this scope
[INFO] [stdout] 
[INFO] [stdout] 
[INFO] [stdout] error[E0412]: cannot find type `DWORD_PTR` in this scope
[INFO] [stdout]   --> /opt/rustwide/cargo-home/git/checkouts/memory-rs-b7d7c173f9898159/9802224/src/external/process.rs:15:30
[INFO] [stdout]    |
[INFO] [stdout] 15 |     pub module_base_address: DWORD_PTR,
[INFO] [stdout]    |                              ^^^^^^^^^ not found in this scope
[INFO] [stdout] 
[INFO] [stdout] 
[INFO] [stdout] error[E0425]: cannot find function, tuple struct or tuple variant `OpenProcess` in this scope
[INFO] [stdout]   --> /opt/rustwide/cargo-home/git/checkouts/memory-rs-b7d7c173f9898159/9802224/src/external/process.rs:24:13
[INFO] [stdout]    |
[INFO] [stdout] 24 |             OpenProcess(
[INFO] [stdout]    |             ^^^^^^^^^^^ not found in this scope
[INFO] [stdout] 
[INFO] [stdout] 
[INFO] [stdout] error[E0412]: cannot find type `DWORD_PTR` in this scope
[INFO] [stdout]   --> /opt/rustwide/cargo-home/git/checkouts/memory-rs-b7d7c173f9898159/9802224/src/external/process.rs:43:34
[INFO] [stdout]    |
[INFO] [stdout] 43 |     pub fn write_aob(&self, ptr: DWORD_PTR, data: &[u8], absolute: bool) {
[INFO] [stdout]    |                                  ^^^^^^^^^ not found in this scope
[INFO] [stdout] 
[INFO] [stdout] 
[INFO] [stdout] error[E0412]: cannot find type `DWORD_PTR` in this scope
[INFO] [stdout]   --> /opt/rustwide/cargo-home/git/checkouts/memory-rs-b7d7c173f9898159/9802224/src/external/process.rs:55:35
[INFO] [stdout]    |
[INFO] [stdout] 55 |     pub fn write_nops(&self, ptr: DWORD_PTR, n: usize, absolute: bool) {
[INFO] [stdout]    |                                   ^^^^^^^^^ not found in this scope
[INFO] [stdout] 
[INFO] [stdout] 
[INFO] [stdout] error[E0412]: cannot find type `DWORD_PTR` in this scope
[INFO] [stdout]   --> /opt/rustwide/cargo-home/git/checkouts/memory-rs-b7d7c173f9898159/9802224/src/external/process.rs:67:32
[INFO] [stdout]    |
[INFO] [stdout] 67 |     pub fn get_aob(&self, ptr: DWORD_PTR, n: usize, absolute: bool) -> Vec<u8> {
[INFO] [stdout]    |                                ^^^^^^^^^ not found in this scope
[INFO] [stdout] 
[INFO] [stdout] 
[INFO] [stdout] error[E0412]: cannot find type `DWORD_PTR` in this scope
[INFO] [stdout]   --> /opt/rustwide/cargo-home/git/checkouts/memory-rs-b7d7c173f9898159/9802224/src/external/process.rs:81:47
[INFO] [stdout]    |
[INFO] [stdout] 81 |     pub fn read_value<OutputType>(&self, ptr: DWORD_PTR, absolute: bool) -> OutputType {
[INFO] [stdout]    |                                               ^^^^^^^^^ not found in this scope
[INFO] [stdout] 
[INFO] [stdout] 
[INFO] [stdout] error[E0425]: cannot find function, tuple struct or tuple variant `ReadProcessMemory` in this scope
[INFO] [stdout]   --> /opt/rustwide/cargo-home/git/checkouts/memory-rs-b7d7c173f9898159/9802224/src/external/process.rs:93:13
[INFO] [stdout]    |
[INFO] [stdout] 93 |             ReadProcessMemory(
[INFO] [stdout]    |             ^^^^^^^^^^^^^^^^^ not found in this scope
[INFO] [stdout] 
[INFO] [stdout] 
[INFO] [stdout] error[E0412]: cannot find type `LPCVOID` in this scope
[INFO] [stdout]   --> /opt/rustwide/cargo-home/git/checkouts/memory-rs-b7d7c173f9898159/9802224/src/external/process.rs:95:25
[INFO] [stdout]    |
[INFO] [stdout] 95 |                 addr as LPCVOID,
[INFO] [stdout]    |                         ^^^^^^^ not found in this scope
[INFO] [stdout] 
[INFO] [stdout] 
[INFO] [stdout] error[E0412]: cannot find type `LPVOID` in this scope
[INFO] [stdout]   --> /opt/rustwide/cargo-home/git/checkouts/memory-rs-b7d7c173f9898159/9802224/src/external/process.rs:96:51
[INFO] [stdout]    |
[INFO] [stdout] 96 |                 &mut buffer as *mut OutputType as LPVOID,
[INFO] [stdout]    |                                                   ^^^^^^ not found in this scope
[INFO] [stdout] 
[INFO] [stdout] 
[INFO] [stdout] error[E0412]: cannot find type `DWORD_PTR` in this scope
[INFO] [stdout]    --> /opt/rustwide/cargo-home/git/checkouts/memory-rs-b7d7c173f9898159/9802224/src/external/process.rs:106:47
[INFO] [stdout]     |
[INFO] [stdout] 106 |     pub fn write_value<InputType>(&self, ptr: DWORD_PTR, output: InputType, absolute: bool) {
[INFO] [stdout]     |                                               ^^^^^^^^^ not found in this scope
[INFO] [stdout] 
[INFO] [stdout] 
[INFO] [stdout] error[E0425]: cannot find function, tuple struct or tuple variant `WriteProcessMemory` in this scope
[INFO] [stdout]    --> /opt/rustwide/cargo-home/git/checkouts/memory-rs-b7d7c173f9898159/9802224/src/external/process.rs:117:13
[INFO] [stdout]     |
[INFO] [stdout] 117 |             WriteProcessMemory(
[INFO] [stdout]     |             ^^^^^^^^^^^^^^^^^^ not found in this scope
[INFO] [stdout] 
[INFO] [stdout] 
[INFO] [stdout] error[E0412]: cannot find type `LPVOID` in this scope
[INFO] [stdout]    --> /opt/rustwide/cargo-home/git/checkouts/memory-rs-b7d7c173f9898159/9802224/src/external/process.rs:119:25
[INFO] [stdout]     |
[INFO] [stdout] 119 |                 addr as LPVOID,
[INFO] [stdout]     |                         ^^^^^^ not found in this scope
[INFO] [stdout] 
[INFO] [stdout] 
[INFO] [stdout] error[E0412]: cannot find type `LPVOID` in this scope
[INFO] [stdout]    --> /opt/rustwide/cargo-home/git/checkouts/memory-rs-b7d7c173f9898159/9802224/src/external/process.rs:120:50
[INFO] [stdout]     |
[INFO] [stdout] 120 |                 (&output as *const InputType) as LPVOID,
[INFO] [stdout]     |                                                  ^^^^^^ not found in this scope
[INFO] [stdout] 
[INFO] [stdout] 
[INFO] [stdout] error[E0412]: cannot find type `DWORD_PTR` in this scope
[INFO] [stdout]    --> /opt/rustwide/cargo-home/git/checkouts/memory-rs-b7d7c173f9898159/9802224/src/external/process.rs:139:22
[INFO] [stdout]     |
[INFO] [stdout] 139 |         entry_point: DWORD_PTR,
[INFO] [stdout]     |                      ^^^^^^^^^ not found in this scope
[INFO] [stdout] 
[INFO] [stdout] 
[INFO] [stdout] error[E0412]: cannot find type `DWORD_PTR` in this scope
[INFO] [stdout]    --> /opt/rustwide/cargo-home/git/checkouts/memory-rs-b7d7c173f9898159/9802224/src/external/process.rs:143:10
[INFO] [stdout]     |
[INFO] [stdout] 143 |     ) -> DWORD_PTR {
[INFO] [stdout]     |          ^^^^^^^^^ not found in this scope
[INFO] [stdout] 
[INFO] [stdout] 
[INFO] [stdout] error[E0412]: cannot find type `DWORD_PTR` in this scope
[INFO] [stdout]    --> /opt/rustwide/cargo-home/git/checkouts/memory-rs-b7d7c173f9898159/9802224/src/external/process.rs:156:18
[INFO] [stdout]     |
[INFO] [stdout] 156 |         address: DWORD_PTR,
[INFO] [stdout]     |                  ^^^^^^^^^ not found in this scope
[INFO] [stdout] 
[INFO] [stdout] 
[INFO] [stdout] error[E0412]: cannot find type `DWORD` in this scope
[INFO] [stdout]    --> /opt/rustwide/cargo-home/git/checkouts/memory-rs-b7d7c173f9898159/9802224/src/external/process.rs:189:53
[INFO] [stdout]     |
[INFO] [stdout] 189 | pub fn get_process_id(process_name: &str) -> Result<DWORD, Error> {
[INFO] [stdout]     |                      -                              ^^^^^ not found in this scope
[INFO] [stdout]     |                      |
[INFO] [stdout]     |                      help: you might be missing a type parameter: `<DWORD>`
[INFO] [stdout] 
[INFO] [stdout] 
[INFO] [stdout] error[E0412]: cannot find type `DWORD` in this scope
[INFO] [stdout]    --> /opt/rustwide/cargo-home/git/checkouts/memory-rs-b7d7c173f9898159/9802224/src/external/process.rs:190:25
[INFO] [stdout]     |
[INFO] [stdout] 190 |     let mut process_id: DWORD = 0;
[INFO] [stdout]     |                         ^^^^^ not found in this scope
[INFO] [stdout] 
[INFO] [stdout] 
[INFO] [stdout] error[E0412]: cannot find type `DWORD` in this scope
[INFO] [stdout]    --> /opt/rustwide/cargo-home/git/checkouts/memory-rs-b7d7c173f9898159/9802224/src/external/process.rs:227:36
[INFO] [stdout]     |
[INFO] [stdout] 227 | pub fn get_module_base(process_id: DWORD, module_name: &str) -> Result<DWORD_PTR, Error> {
[INFO] [stdout]     |                                    ^^^^^ not found in this scope
[INFO] [stdout] 
[INFO] [stdout] 
[INFO] [stdout] error[E0412]: cannot find type `DWORD_PTR` in this scope
[INFO] [stdout]    --> /opt/rustwide/cargo-home/git/checkouts/memory-rs-b7d7c173f9898159/9802224/src/external/process.rs:227:72
[INFO] [stdout]     |
[INFO] [stdout] 227 | pub fn get_module_base(process_id: DWORD, module_name: &str) -> Result<DWORD_PTR, Error> {
[INFO] [stdout]     |                       -                                                ^^^^^^^^^ not found in this scope
[INFO] [stdout]     |                       |
[INFO] [stdout]     |                       help: you might be missing a type parameter: `<DWORD_PTR>`
[INFO] [stdout] 
[INFO] [stdout] 
[INFO] [stdout] error[E0412]: cannot find type `DWORD_PTR` in this scope
[INFO] [stdout]    --> /opt/rustwide/cargo-home/git/checkouts/memory-rs-b7d7c173f9898159/9802224/src/external/process.rs:228:34
[INFO] [stdout]     |
[INFO] [stdout] 228 |     let mut module_base_address: DWORD_PTR = 0x0;
[INFO] [stdout]     |                                  ^^^^^^^^^ not found in this scope
[INFO] [stdout] 
[INFO] [stdout] 
[INFO] [stdout] error[E0412]: cannot find type `DWORD_PTR` in this scope
[INFO] [stdout]    --> /opt/rustwide/cargo-home/git/checkouts/memory-rs-b7d7c173f9898159/9802224/src/external/process.rs:251:55
[INFO] [stdout]     |
[INFO] [stdout] 251 |                     break module_entry.modBaseAddr as DWORD_PTR;
[INFO] [stdout]     |                                                       ^^^^^^^^^ not found in this scope
[INFO] [stdout] 
[INFO] [stdout] 
[INFO] [stderr]    Compiling rand_hc v0.1.0
[INFO] [stderr]    Compiling rand_isaac v0.1.1
[INFO] [stderr]    Compiling rand_xorshift v0.1.1
[INFO] [stdout] error: aborting due to 139 previous errors
[INFO] [stdout] 
[INFO] [stdout] 
[INFO] [stdout] Some errors have detailed explanations: E0412, E0425, E0432, E0433.
[INFO] [stdout] 
[INFO] [stdout] For more information about an error, try `rustc --explain E0412`.
[INFO] [stdout] 
[INFO] [stderr] error: could not compile `memory-rs`
[INFO] [stderr] 
[INFO] [stderr] To learn more, run the command again with --verbose.
[INFO] [stderr] warning: build failed, waiting for other jobs to finish...
[INFO] [stderr] error: build failed
[INFO] running `Command { std: "docker" "inspect" "1e6a9febd29b483e67c3997ec5043aedf88109553b1db86a4dbae7df9ee13359", kill_on_drop: false }`
[INFO] running `Command { std: "docker" "rm" "-f" "1e6a9febd29b483e67c3997ec5043aedf88109553b1db86a4dbae7df9ee13359", kill_on_drop: false }`
[INFO] [stdout] 1e6a9febd29b483e67c3997ec5043aedf88109553b1db86a4dbae7df9ee13359
